g) be the third derivative of -g**6/120 + 2*g**5/15 - 5*g**4/24 + 5*g**3/6 + 7*g**2 - g. What is o(7)?
19
Let m = 5 - 2. Let v(z) = -7 + 2 + 6 - z**3 + 2*z + m*z**2. Calculate v(4).
-7
Let x be 16/10 + 2/5. Let o(h) = -11 - 3*h**2 + 3*h**2 + 11*h**2 - 10*h + h**3 - 4*h**x. Let z be o(-8). Let d(s) = s - 10. Determine d(z).
-5
Let l(h) = 3*h**3 - 3*h + 3. Let n(w) = 2*w**3 + w**2 - 3*w + 2. Let b(y) = -3*l(y) + 4*n(y). Determine b(3).
-1
Let s(c) be the third derivative of c**6/120 + 7*c**5/60 + c**3/2 - 48*c**2 + 4. Calculate s(-6).
39
Let n(i) = -i**3 - 6*i**2 - 4*i + 5. Let y be n(-5). Suppose 2*r + 0*q + q = 3, 4*r + 4*q = y. Suppose 3*f - 9 = r. Let d(j) = -j + 2. Determine d(f).
-2
Let c(j) = j - 5. Let k be c(5). Suppose -4*p + 31 = -k*d - d, -d = 2*p - 11. Let l(y) = 3*y**3 + 2 - y - 7*y**3 - 1 + p*y**3 + y**2. Calculate l(1).
4
Let r = 10 - -4. Suppose 4*q = 6*q - r. Suppose 3*s = -o + q*s + 10, 5*o + 19 = -3*s. Let a(p) = p + 1. What is a(o)?
-1
Let t(n) = -24*n**2 + 2*n - 1. Let z = -112 + 113. What is t(z)?
-23
Let x(u) = -u - 26 + 21 + 15 + u**2 + u**3. Calculate x(0).
10
Let v(l) be the third derivative of l**8/20160 - l**7/1260 - 19*l**5/60 - 2*l**2. Let o(y) be the third derivative of v(y). Determine o(-3).
21
Let q(f) = f + 5. Let y be 252/(-20) + 9/15. Let g be 55/(-6) - 2/y. Let b = 3 + g. Calculate q(b).
-1
Suppose -40 + 47 = -c. Let r(t) = -t - 9. Give r(c).
-2
Let l(p) be the first derivative of -p**4/4 - 14*p**3/3 + 15*p**2/2 + 2*p - 406. Determine l(-15).
2
Let m(z) = -4*z**2 - 33*z - 31. Let f(t) = -2*t**2 - 15*t - 14. Let u(g) = 13*f(g) - 6*m(g). Determine u(-3).
-23
Let b(m) = m**3 - 16. Suppose 85*q - 87*q = 0. Give b(q).
-16
Let p(r) = 8 - 1 + 4 - 10 + 18*r. Give p(-2).
-35
Let j be -5 + 1 + 2 - 3. Let d be (-3 + 4)*(-10)/j. Let z(t) = -t**3 + 20*t - 2*t**2 - 21*t + 0*t**d. What is z(-3)?
12
Let s(i) be the second derivative of i**5/20 + 2*i**4/3 + 7*i**3/3 + 9*i**2/2 - 14*i + 15. Determine s(-6).
-3
Let x(n) = 2*n**2 - 2431 + 1215 - 2*n + 1217 + 3*n**3. Let g(r) = 2*r**2 + 2*r + 1. Let j be g(-1). Determine x(j).
4
Let o(q) = -6*q + 20. Let f(y) = -5*y + 20. Let u(m) = 5*f(m) - 4*o(m). Let d be u(20). Let k(s) = s**2 + s - 10. Give k(d).
-10
Suppose -2*a + 2*i = i + 4, a - 5*i + 11 = 0. Let r(d) be the first derivative of 2*d**3 + d**2/2 + d + 47. Give r(a).
6
Let l be (9 + -6)/((-6)/(-4)). Let d(q) = 6 + 7*q + 12*q**2 - q - 13*q**l. Calculate d(7).
-1
Let d(k) = -2*k**2 - k + 4. Let v be d(2). Let p = -7 - v. Let f(x) = 2*x + 1. What is f(p)?
-1
Let o(w) be the first derivative of -w**3/3 + 10*w - 244. Give o(8).
-54
Let v(d) = d**2 + 4*d - 1. Let s(g) = 4*g**2 + 22*g - 7. Let o(x) = -s(x) + 3*v(x). Determine o(-11).
-7
Let z(f) = f + 8. Let b(k) = k**3 + 5*k**2 - 4*k + 12. Let a be b(-6). Calculate z(a).
8
Let v(i) = i**2 + 6*i - 3. Let s(x) = x**3 - 21*x**2 - 47*x + 18. Let a be s(23). Give v(a).
-8
Suppose 10*z = 12*z. Let p(i) = 26*i + 29*i + z - 56*i - 2. Determine p(-7).
5
Let k(h) = 4 - h - 7*h**2 - 4*h**2 - h**3 + 18*h**2 + 1. Determine k(7).
-2
Let a(f) be the second derivative of -f**5/20 - f**4/4 - f**3/6 - 5*f**2/2 + 41*f + 2. Determine a(-4).
15
Let z(s) be the third derivative of -s**6/120 + s**4/24 + 9*s**3/2 + 5*s**2 - 12. Determine z(0).
27
Let t be (-1)/(-5)*-8*35/(-14). Let q(y) = 5 + 4*y**2 - 206*y + 203*y - 3*y**2. What is q(t)?
9
Let b(g) be the second derivative of -g**5/10 - g**4/6 + 2*g**3/3 + 5*g**2/2 + 9*g. Let i be b(-2). Let l(p) = -p**3 + 4*p**2 + 4*p + 1. What is l(i)?
-4
Let b(a) = -9*a + 7*a + 108 - 96 + 6*a + 0*a. Determine b(-6).
-12
Let t(s) = -s**2 + 8*s - 14. Let z = 181 - 176. Determine t(z).
1
Let k(h) = 41 - 21 - 22 + 3*h. Suppose 4*c = -9 + 1. What is k(c)?
-8
Suppose 0 = 5*y + 4 - 29. Let f(n) = 4*n + 7 - 4 - y + 1. Determine f(1).
3
Let i(d) = d**3 + 6*d**2 - 5*d - 1. Suppose 236 = -5*f + 201. Determine i(f).
-15
Let a be ((-148)/(-111))/((-2)/3). Let g(m) = 70 - 35 - 33 + 5*m. Give g(a).
-8
Suppose -5*d + 5*j - 2*j + 1 = 0, -4*d + 2*j = 0. Let q(s) be the second derivative of 7*s**3/6 + s**2/2 - 6*s. Give q(d).
-6
Let x(f) = -18*f**2 + 66*f + 13. Let m be x(4). Let s(p) = p + 18. Determine s(m).
7
Let q(n) = -3*n**3 - n**2 + n + 1. Suppose -2 = m - 21. Let y = m + -12. Let b = y + -9. Calculate q(b).
19
Let d(a) = 415*a - 141*a - 150*a - 91 - 133*a. Give d(-10).
-1
Suppose -95 = 4*q - 79. Let s(l) be the third derivative of l**6/120 + l**5/20 - 5*l**4/24 + l**3/3 + 2*l**2. Calculate s(q).
6
Let k(t) = t + 12. Suppose -14 - 2 = -4*p - 3*j, -4*p + j = 0. Let m = p + -17. Let h be k(m). Let i(r) = r**2 + 3*r + 1. What is i(h)?
5
Let t(a) = -14*a**2 - 21*a + 9. Let j(m) = 5*m**2 + 7*m - 3. Let b(o) = -17*j(o) - 6*t(o). What is b(7)?
-3
Let n(p) = p - 1. Let k = -11 - -33. Let m = 24 - k. Suppose m*u - 5*c + 2 = -u, -2*u + 4*c - 4 = 0. What is n(u)?
5
Let f be (10/(-3))/(20/(-30)). Let j(q) = 112*q - 1 - f - 114*q. Calculate j(-7).
8
Let z(v) = 7*v + 8. Let g(x) = 20*x + 24. Let y(o) = -6*g(o) + 17*z(o). Let t(u) = 3*u**2 + 69*u - 7. Let p be t(0). What is y(p)?
-1
Let x(j) be the third derivative of j**5/60 - 7*j**4/24 - 3*j**3/2 + 24*j**2 + 1. What is x(9)?
9
Let c(l) = l**3 - 6*l**2 + 7*l. Let v = 18 - 14. Suppose -k = -v*w + 59, 2*k - 3 + 9 = 0. Let q(x) = -x + 19. Let j be q(w). Give c(j).
10
Suppose 15 = 5*a + 5*u, 9*u + 3 = a + 4*u. Let v be (1 + 0 + 3)*1. Suppose a*g = v*z + 34, 32 = 3*g + g - 2*z. Let q(i) = i**3 - 6*i**2 - 2*i + 7. What is q(g)?
-5
Suppose -z - 2*z - 15 = 0. Let i(n) be the third derivative of -n**6/120 - n**5/10 - 5*n**4/24 + n**3/2 + 29*n**2 - 8. Give i(z).
3
Let d(s) = -s - 1. Let n(w) = -8*w - 2. Let q be n(1). What is d(q)?
9
Let a(y) = -9*y**3 + 6*y**2 + y - 12. Let z(k) = -2*k**3 - 3*k. Let n(b) = -a(b) + 4*z(b). Calculate n(8).
36
Let g = -6 + 11. Let d(f) be the second derivative of 5/12*f**4 + 0 - 1/20*f**5 - 2*f**2 + 1/3*f**3 - 3*f. Determine d(g).
6
Let f be 6/(-9) + (-98)/(-21). Let l(n) = -2 - 3*n - n - f. Determine l(-4).
10
Let c be (36/(-18))/((-1)/4). Let l(g) = g - 15. Let f be l(c). Let m(q) be the third derivative of q**5/60 + q**4/4 - 2*q**3/3 + q**2. Calculate m(f).
3
Suppose -j = 9*j - 40. Let g(s) be the third derivative of 7/6*s**3 + 0*s + 0 - 7/24*s**j + 3*s**2 + 1/60*s**5. Calculate g(5).
-3
Let n = -21 + 23. Let q(z) = 111 - 105 - z**2 + 2*z**n. Calculate q(0).
6
Let w(b) be the first derivative of 2*b**3/3 + 9*b**2 + 3*b + 498. Give w(-10).
23
Let m(g) = 4*g**3 - 2*g**2 + g + 1. Let p(a) = 3*a**3 - a**2 + a + 1. Let l(f) = -2*m(f) + 3*p(f). Calculate l(-3).
-20
Let r(k) = k**3 + k + 10. Let s be 2/2*(185 - -1)/(-6). Let h = s + 31. Determine r(h).
10
Suppose 12*p = 9*p. Let r(f) = f**3 + f**2 + f + 7. Give r(p).
7
Let q(y) = -4*y - 5. Let c = 169 + -176. Determine q(c).
23
Suppose 114 = q + 4*x, -3*q - 335 = -6*q - 5*x. Let s(j) = 110 - q + j. Suppose -21*o + 35 = -28*o. Give s(o).
-5
Let q(s) = -2*s**2 + s - 1. Suppose 30 = -i + 27. Determine q(i).
-22
Let h(m) be the first derivative of -m**4/4 + m**2/2 - 29. Let o(a) = -6*a**3 + 9*a**2 - a - 8. Let l(f) = 5*h(f) - o(f). Calculate l(8).
-8
Let h be (-40)/(-8) + 1*-1. Suppose -5*v - 5*i - 20 = 0, 7 = 2*v - i + 3. Let a(p) = -54*p + 0 - 3 + 56*p + v. Give a(h).
5
Suppose 4*c = -3 - 1. Let k = 25 - 24. Let v(j) = j + 0 - k + 0 - 5*j. Calculate v(c).
3
Let s = 3 + 1. Suppose -5*i - s = -24. Let v(m) = 5*m - 7*m + m + i. Give v(-3).
7
Suppose 2*v = -2*v - 8, 5*v + 20 = 2*u. Suppose -5 = u*g - 20. Let p(i) = -2 + 1 - 4*i**2 - i**2 + 0*i**3 - i**g - 4*i. Determine p(-4).
-1
Let r be 15/(-6)*(-4)/10. Suppose -r = -7*s - 15. Let u(h) be the third derivative of h**6/60 + h**5/30 - h**4/12 - h**3/3 - 2*h**2. Determine u(s).
-6
Suppose 5*s + 15 = 0, 5*l - 25 = -0*l + 5*s. Suppose l*u - 59 = -69. Let y(d) = 3*d + 2. Determine y(u).
-13
Let i = 51 + -48. Let b(k) = -i + 13 - 7 - 1 + k. Calculate b(-3).
-1
Let a(g) be the second derivative of 7*g**6/720 - g**5/60 - 19*g**4/12 - g - 7. Let y(h) be the third derivative of a(h). Determine y(-2).
-16
Let n = 100 + -101. Let x(d) = -47*d + 90*d - 47*d. Determine x(n).
4
Suppose 0 = -0*j - 3*j + 39. Let z = -15 + j. Let a(k) = -k**3 - 2*k**2 - 3*k. Calculate a(z).
6
Let v(j) = j - 3. Let i(p) be the first derivative of -p**2/2 - 3*p